n 9051 is divided by 3015.
6
What is the remainder when 53870 is divided by 52?
50
Calculate the remainder when 1105 is divided by 13.
0
What is the remainder when 118368 is divided by 19?
17
What is the remainder when 131100 is divided by 814?
46
What is the remainder when 8688 is divided by 165?
108
Calculate the remainder when 147961 is divided by 2791.
38
What is the remainder when 649926 is divided by 72213?
9
What is the remainder when 3270182 is divided by 551?
548
What is the remainder when 51494 is divided by 2339?
36
What is the remainder when 1405947 is divided by 75?
72
What is the remainder when 24064 is divided by 133?
124
Calculate the remainder when 306930 is divided by 24.
18
Calculate the remainder when 10124 is divided by 1245.
164
Calculate the remainder when 2722 is divided by 48.
34
Calculate the remainder when 29384 is divided by 4.
0
What is the remainder when 153199 is divided by 133?
116
Calculate the remainder when 85561 is divided by 22.
3
Calculate the remainder when 301456 is divided by 4433.
12
Calculate the remainder when 209717 is divided by 209696.
21
Calculate the remainder when 2596406 is divided by 26.
20
Calculate the remainder when 239162 is divided by 27.
23
What is the remainder when 73971 is divided by 8215?
36
What is the remainder when 171280 is divided by 34253?
15
What is the remainder when 10393 is divided by 112?
89
Calculate the remainder when 3040 is divided by 1520.
0
Calculate the remainder when 195145 is divided by 13.
2
What is the remainder when 3242 is divided by 365?
322
Calculate the remainder when 25017 is divided by 20.
17
What is the remainder when 11833 is divided by 395?
378
Calculate the remainder when 43104 is divided by 1009.
726
Calculate the remainder when 29270 is divided by 4181.
3
What is the remainder when 33128 is divided by 339?
245
Calculate the remainder when 12657 is divided by 325.
307
Calculate the remainder when 34306 is divided by 132.
118
What is the remainder when 41872 is divided by 283?
271
What is the remainder when 49840 is divided by 9884?
420
Calculate the remainder when 166570 is divided by 5371.
69
What is the remainder when 410343 is divided by 27?
24
Calculate the remainder when 7189 is divided by 50.
39
Calculate the remainder when 1451 is divided by 1278.
173
Calculate the remainder when 21055 is divided by 80.
15
Calculate the remainder when 33000 is divided by 674.
648
Calculate the remainder when 1547 is divided by 68.
51
What is the remainder when 55369 is divided by 22?
17
What is the remainder when 63286 is divided by 12?
10
What is the remainder when 510 is divided by 43?
37
What is the remainder when 22368 is divided by 7456?
0
Calculate the remainder when 431 is divided by 14.
11
Calculate the remainder when 5874 is divided by 2856.
162
Calculate the remainder when 9874 is divided by 470.
4
Calculate the remainder when 229343 is divided by 1928.
1839
What is the remainder when 7227 is divided by 2407?
6
Calculate the remainder when 825390 is divided by 311.
307
What is the remainder when 11012 is divided by 579?
11
Calculate the remainder when 12792 is divided by 10.
2
What is the remainder when 550373 is divided by 40?
13
What is the remainder when 31006 is divided by 7733?
74
Calculate the remainder when 195663 is divided by 17.
10
Calculate the remainder when 4192 is divided by 82.
10
Calculate the remainder when 32943 is divided by 3293.
13
Calculate the remainder when 62459 is divided by 147.
131
Calculate the remainder when 11512 is divided by 339.
325
What is the remainder when 96102 is divided by 209?
171
What is the remainder when 10939 is divided by 234?
175
Calculate the remainder when 34083 is divided by 11328.
99
Calculate the remainder when 3098 is divided by 774.
2
What is the remainder when 4808 is divided by 1600?
8
Calculate the remainder when 105558 is divided by 91.
89
What is the remainder when 9406 is divided by 64?
62
Calculate the remainder when 40525 is divided by 47.
11
What is the remainder when 375468 is divided by 149?
137
Calculate the remainder when 2372 is divided by 19.
16
Calculate the remainder when 168034 is divided by 66.
64
Calculate the remainder when 2429 is divided by 232.
109
Calculate the remainder when 38811 is divided by 19392.
27
What is the remainder when 32329 is divided by 8017?
261
What is the remainder when 165533 is divided by 32?
29
What is the remainder when 130936 is divided by 89?
17
What is the remainder when 4127 is divided by 153?
149
Calculate the remainder when 1352 is divided by 101.
39
What is the remainder when 2919 is divided by 148?
107
What is the remainder when 266756 is divided by 146?
14
Calculate the remainder when 253051 is divided by 42174.
7
Calculate the remainder when 9984 is divided by 4905.
174
What is the remainder when 1135 is divided by 1098?
37
What is the remainder when 1882 is divided by 229?
50
Calculate the remainder when 99816 is divided by 354.
342
Calculate the remainder when 165722 is divided by 243.
239
What is the remainder when 53831 is divided by 2833?
4
What is the remainder when 9147 is divided by 848?
667
Calculate the remainder when 9951 is divided by 158.
155
Calculate the remainder when 124759 is divided by 11.
8
Calculate the remainder when 3287 is divided by 3260.
27
What is the remainder when 612 is divided by 594?
18
Calculate the remainder when 8250 is divided by 2748.
6
What is the remainder when 65350 is divided by 62?
2
Calculate the remainder when 22180 is divided by 145.
140
What is the remainder when 12650 is divided by 1580?
10
What is the remainder when 49576 is divided by 22?
10
What is the remainder when 1698 is divided by 1664?
34
Calculate the remainder when 3759 is divided by 1180.
219
What is the remainder when 107438 is divided by 21486?
8
Calculate the remainder when 17319 is divided by 2878.
51
What is the remainder when 2373 is divided by 4?
1
What is the remainder when 10338 is divided by 25?
13
Calculate the remainder when 105966 is divided by 112.
14
Calculate the remainder when 262 is divided by 19.
15
What is the remainder when 48598 is divided by 101?
17
Calculate the remainder when 220 is divided by 90.
40
What is the remainder when 49065 is divided by 1442?
37
What is the remainder when 29336 is divided by 4178?
90
Calculate the remainder when 164927 is divided by 53.
44
What is the remainder when 833 is divided by 406?
21
Calculate the remainder when 5459 is divided by 78.
77
What is the remainder when 248843 is divided by 412?
407
What is the remainder when 52325 is divided by 24?
5
What is the remainder when 181086 is divided by 15089?
18
What is the remainder when 23439 is divided by 261?
210
Calculate the remainder when 583149 is divided by 107.
106
What is the remainder when 1078580 is divided by 1570?
1560
Calculate the remainder when 16977 is divided by 707.
9
What is the remainder when 132296 is divided by 245?
241
What is the remainder when 189500 is divided by 94?
90
What is the remainder when 2330 is divided by 1120?
90
Calculate the remainder when 1134824 is divided by 14.
12
Calculate the remainder when 20878 is divided by 6917.
127
What is the remainder when 20178 is divided by 217?
214
What is the remainder when 12729 is divided by 2510?
179
What is the remainder when 400864 is divided by 23?
20
Calculate the remainder when 1314814 is divided by 32.
30
Calculate the remainder when 282282 is divided by 194.
12
Calculate the remainder when 65255 is divided by 63.
50
What is the remainder when 8914 is divided by 4425?
64
What is the remainder when 1656 is divided by 187?
160
Calculate the remainder when 2168979 is divided by 16.
3
What is the remainder when 10703 is divided by 1772?
71
What is the remainder when 9099 is divided by 699?
12
What is the remainder when 44607 is divided by 166?
119
What is the remainder when 45499 is divided by 1422?
1417
Calculate the remainder when 36070 is divided by 57.
46
Calculate the remainder when 597948 is divided by 5.
3
Calculate the remainder when 1752 is divided by 292.
0
What is the remainder when 22739 is divided by 464?
3
What is the remainder when 743 is divided by 37?
3
Calculate the remainder when 27391 is divided by 8.
7
Calculate the remainder wh